{"id":3,"date":"2023-02-15T14:41:42","date_gmt":"2023-02-15T14:41:42","guid":{"rendered":"https:\/\/www.cavsi.com\/espanol\/?page_id=3"},"modified":"2023-03-28T20:50:00","modified_gmt":"2023-03-28T20:50:00","slug":"politica-privacidad","status":"publish","type":"page","link":"https:\/\/www.cavsi.com\/espanol\/politica-privacidad\/","title":{"rendered":"Pol\u00edtica de Privacidad"},"content":{"rendered":"\n<p><strong>Febrero 28, 2023<\/strong><\/p>\n\n\n\n<p>En CAVSI reconocemos que la privacidad es importante. Valoramos la confianza de nuestros clientes y respetamos su privacidad. Hemos creado esta pol\u00edtica de privacidad de correo electr\u00f3nico para demostrar nuestro firme compromiso con su privacidad y la protecci\u00f3n de su informaci\u00f3n. Lea a continuaci\u00f3n para obtener m\u00e1s informaci\u00f3n sobre nuestra pol\u00edtica de privacidad.<\/p>\n\n\n\n<h3 class=\"wp-block-heading\">\u00bfPor qu\u00e9 recibiste un email de nosotros?<\/h3>\n\n\n\n<p>Si recibi\u00f3 un correo nuestro, su direcci\u00f3n de correo electr\u00f3nico aparece con nosotros como alguien que ha compartido expresamente esta direcci\u00f3n con el fin de recibir informaci\u00f3n en el futuro, o se ha registrado o tiene una relaci\u00f3n existente con nosotros. Respetamos su tiempo y atenci\u00f3n al controlar la frecuencia de nuestros env\u00edos.<\/p>\n\n\n\n<h3 class=\"wp-block-heading\">\u00bfQu\u00e9 tipos de informaci\u00f3n personal recopilamos?<\/h3>\n\n\n\n<p>Este sitio no ofrece la posibilidad de que los usuarios env\u00eden datos personales. No se recopilaron datos personales en este sitio.<\/p>\n\n\n\n<p>Este sitio utiliza Google Analytics para el an\u00e1lisis del sitio web, que incluye el registro y el procesamiento de informaci\u00f3n como la forma en que su navegador navega por este sitio y qu\u00e9 palabras clave dirigieron el tr\u00e1fico a este sitio. Google Analytics utiliza cookies y balizas web. Las &#8220;cookies&#8221; son peque\u00f1os archivos de texto que contienen una cadena de caracteres alfanum\u00e9ricos y se utilizan para asociar una acci\u00f3n realizada por un navegador con acciones posteriores realizadas por ese navegador. Los &#8220;beacon&#8221; web son peque\u00f1as cadenas de c\u00f3digo HTML que se colocan en una p\u00e1gina web y, a veces, se denominan &#8220;GIF transparentes&#8221; (formato de intercambio de gr\u00e1ficos) o &#8220;etiquetas de p\u00edxel&#8221;. Los beacons web se utilizan con mayor frecuencia junto con las cookies.<\/p>\n\n\n\n<h3 class=\"wp-block-heading\">\u00bfC\u00f3mo usamos y compartimos la informaci\u00f3n personal?<\/h3>\n\n\n\n<p>No compartimos, vendemos ni alquilamos su direcci\u00f3n de correo electr\u00f3nico o informaci\u00f3n personal con otras empresas. CAVSI solo compartir\u00e1 informaci\u00f3n personal con sus subsidiarias o si CAVSI se involucra en una fusi\u00f3n, adquisici\u00f3n, insolvencia o venta de activos.<\/p>\n\n\n\n<h3 class=\"wp-block-heading\">\u00bfC\u00f3mo puedes dejar de recibir correos electr\u00f3nicos nuestros?<\/h3>\n\n\n\n<p>Cada correo electr\u00f3nico enviado contiene una forma sencilla y automatizada de dejar de recibir correos electr\u00f3nicos nuestros. Si desea hacer esto, simplemente siga las instrucciones al final de cualquier correo electr\u00f3nico.<\/p>\n\n\n\n<p>Para eliminar su nombre de nuestras listas de marketing, haga clic en el enlace &#8220;cancelar suscripci\u00f3n&#8221; que se encuentra en todos nuestros correos electr\u00f3nicos promocionales.<\/p>\n\n\n\n<p><strong>Nota:<\/strong>\u00a0Las solicitudes para optar por no recibir correos electr\u00f3nicos promocionales se cumplir\u00e1n dentro de\u00a010\u00a0d\u00edas h\u00e1biles.<\/p>\n\n\n\n<h3 class=\"wp-block-heading\">Enlaces a otros sitios<\/h3>\n\n\n\n<p>Este sitio web puede contener enlaces a otros sitios, como anuncios comerciales ubicados en p\u00e1ginas que ofrecen informaci\u00f3n gratuita.<\/p>\n\n\n\n<h3 class=\"wp-block-heading\"><strong>Cambios a esta pol\u00edtica<\/strong><\/h3>\n\n\n\n<p>CAVSI puede cambiar su pol\u00edtica o pr\u00e1cticas de privacidad de vez en cuando. Publicaremos la versi\u00f3n m\u00e1s actualizada de nuestra pol\u00edtica de privacidad en l\u00ednea en esta p\u00e1gina web.<\/p>\n\n\n\n<h3 class=\"wp-block-heading\">Preguntas sobre la privacidad<\/h3>\n\n\n\n<p>Si tiene m\u00e1s preguntas o inquietudes relacionadas con las pr\u00e1cticas de privacidad de este sitio, no dude en comunicarse con nosotros a trav\u00e9s de este sitio web, ll\u00e1menos al <strong>(786) 220-1752<\/strong> o escr\u00edbanos a <strong>CAVSI<\/strong> USA.<\/p>\n","protected":false},"excerpt":{"rendered":"<p>Febrero 28, 2023 En CAVSI reconocemos que la privacidad es importante. Valoramos la confianza de nuestros clientes y respetamos su privacidad. Hemos creado esta pol\u00edtica de privacidad de correo electr\u00f3nico para demostrar nuestro firme compromiso con su privacidad y la [&hellip;]<\/p>\n","protected":false},"author":1,"featured_media":0,"parent":0,"menu_order":0,"comment_status":"closed","ping_status":"closed","template":"","meta":{"nf_dc_page":"","footnotes":""},"class_list":["post-3","page","type-page","status-publish","hentry"],"yoast_head":"<!-- This site is optimized with the Yoast SEO plugin v26.9 - https:\/\/yoast.com\/product\/yoast-seo-wordpress\/ -->\n<title>Pol\u00edtica de Privacidad - CAVSI<\/title>\n<meta name=\"description\" content=\"At CAVSI we recognize that privacy is important. We value our customers&#039; trust and respect your privacy. Please read to learn more about it.\" \/>\n<meta name=\"robots\" content=\"index, follow, max-snippet:-1, max-image-preview:large, max-video-preview:-1\" \/>\n<link rel=\"canonical\" href=\"https:\/\/www.cavsi.com\/espanol\/politica-privacidad\/\" \/>\n<meta property=\"og:locale\" content=\"es_ES\" \/>\n<meta property=\"og:type\" content=\"article\" \/>\n<meta property=\"og:title\" content=\"Pol\u00edtica de Privacidad - CAVSI\" \/>\n<meta property=\"og:description\" content=\"At CAVSI we recognize that privacy is important. We value our customers&#039; trust and respect your privacy. Please read to learn more about it.\" \/>\n<meta property=\"og:url\" content=\"https:\/\/www.cavsi.com\/espanol\/politica-privacidad\/\" \/>\n<meta property=\"og:site_name\" content=\"CAVSI\" \/>\n<meta property=\"article:modified_time\" content=\"2023-03-28T20:50:00+00:00\" \/>\n<meta name=\"twitter:card\" content=\"summary_large_image\" \/>\n<meta name=\"twitter:label1\" content=\"Tiempo de lectura\" \/>\n\t<meta name=\"twitter:data1\" content=\"3 minutos\" \/>\n<script type=\"application\/ld+json\" class=\"yoast-schema-graph\">{\"@context\":\"https:\/\/schema.org\",\"@graph\":[{\"@type\":\"WebPage\",\"@id\":\"https:\/\/www.cavsi.com\/espanol\/politica-privacidad\/\",\"url\":\"https:\/\/www.cavsi.com\/espanol\/politica-privacidad\/\",\"name\":\"Pol\u00edtica de Privacidad - CAVSI\",\"isPartOf\":{\"@id\":\"https:\/\/www.cavsi.com\/espanol\/#website\"},\"datePublished\":\"2023-02-15T14:41:42+00:00\",\"dateModified\":\"2023-03-28T20:50:00+00:00\",\"description\":\"At CAVSI we recognize that privacy is important. We value our customers' trust and respect your privacy. Please read to learn more about it.\",\"inLanguage\":\"es\",\"potentialAction\":[{\"@type\":\"ReadAction\",\"target\":[\"https:\/\/www.cavsi.com\/espanol\/politica-privacidad\/\"]}]},{\"@type\":\"WebSite\",\"@id\":\"https:\/\/www.cavsi.com\/espanol\/#website\",\"url\":\"https:\/\/www.cavsi.com\/espanol\/\",\"name\":\"CAVSI\",\"description\":\"\",\"publisher\":{\"@id\":\"https:\/\/www.cavsi.com\/espanol\/#organization\"},\"potentialAction\":[{\"@type\":\"SearchAction\",\"target\":{\"@type\":\"EntryPoint\",\"urlTemplate\":\"https:\/\/www.cavsi.com\/espanol\/?s={search_term_string}\"},\"query-input\":{\"@type\":\"PropertyValueSpecification\",\"valueRequired\":true,\"valueName\":\"search_term_string\"}}],\"inLanguage\":\"es\"},{\"@type\":\"Organization\",\"@id\":\"https:\/\/www.cavsi.com\/espanol\/#organization\",\"name\":\"CAVSI\",\"url\":\"https:\/\/www.cavsi.com\/espanol\/\",\"logo\":{\"@type\":\"ImageObject\",\"inLanguage\":\"es\",\"@id\":\"https:\/\/www.cavsi.com\/espanol\/#\/schema\/logo\/image\/\",\"url\":\"https:\/\/www.cavsi.com\/espanol\/wp-content\/uploads\/cavsi-logo.png\",\"contentUrl\":\"https:\/\/www.cavsi.com\/espanol\/wp-content\/uploads\/cavsi-logo.png\",\"width\":300,\"height\":70,\"caption\":\"CAVSI\"},\"image\":{\"@id\":\"https:\/\/www.cavsi.com\/espanol\/#\/schema\/logo\/image\/\"}}]}<\/script>\n<!-- \/ Yoast SEO plugin. -->","yoast_head_json":{"title":"Pol\u00edtica de Privacidad - CAVSI","description":"At CAVSI we recognize that privacy is important. We value our customers' trust and respect your privacy. Please read to learn more about it.","robots":{"index":"index","follow":"follow","max-snippet":"max-snippet:-1","max-image-preview":"max-image-preview:large","max-video-preview":"max-video-preview:-1"},"canonical":"https:\/\/www.cavsi.com\/espanol\/politica-privacidad\/","og_locale":"es_ES","og_type":"article","og_title":"Pol\u00edtica de Privacidad - CAVSI","og_description":"At CAVSI we recognize that privacy is important. We value our customers' trust and respect your privacy. Please read to learn more about it.","og_url":"https:\/\/www.cavsi.com\/espanol\/politica-privacidad\/","og_site_name":"CAVSI","article_modified_time":"2023-03-28T20:50:00+00:00","twitter_card":"summary_large_image","twitter_misc":{"Tiempo de lectura":"3 minutos"},"schema":{"@context":"https:\/\/schema.org","@graph":[{"@type":"WebPage","@id":"https:\/\/www.cavsi.com\/espanol\/politica-privacidad\/","url":"https:\/\/www.cavsi.com\/espanol\/politica-privacidad\/","name":"Pol\u00edtica de Privacidad - CAVSI","isPartOf":{"@id":"https:\/\/www.cavsi.com\/espanol\/#website"},"datePublished":"2023-02-15T14:41:42+00:00","dateModified":"2023-03-28T20:50:00+00:00","description":"At CAVSI we recognize that privacy is important. We value our customers' trust and respect your privacy. Please read to learn more about it.","inLanguage":"es","potentialAction":[{"@type":"ReadAction","target":["https:\/\/www.cavsi.com\/espanol\/politica-privacidad\/"]}]},{"@type":"WebSite","@id":"https:\/\/www.cavsi.com\/espanol\/#website","url":"https:\/\/www.cavsi.com\/espanol\/","name":"CAVSI","description":"","publisher":{"@id":"https:\/\/www.cavsi.com\/espanol\/#organization"},"potentialAction":[{"@type":"SearchAction","target":{"@type":"EntryPoint","urlTemplate":"https:\/\/www.cavsi.com\/espanol\/?s={search_term_string}"},"query-input":{"@type":"PropertyValueSpecification","valueRequired":true,"valueName":"search_term_string"}}],"inLanguage":"es"},{"@type":"Organization","@id":"https:\/\/www.cavsi.com\/espanol\/#organization","name":"CAVSI","url":"https:\/\/www.cavsi.com\/espanol\/","logo":{"@type":"ImageObject","inLanguage":"es","@id":"https:\/\/www.cavsi.com\/espanol\/#\/schema\/logo\/image\/","url":"https:\/\/www.cavsi.com\/espanol\/wp-content\/uploads\/cavsi-logo.png","contentUrl":"https:\/\/www.cavsi.com\/espanol\/wp-content\/uploads\/cavsi-logo.png","width":300,"height":70,"caption":"CAVSI"},"image":{"@id":"https:\/\/www.cavsi.com\/espanol\/#\/schema\/logo\/image\/"}}]}},"_links":{"self":[{"href":"https:\/\/www.cavsi.com\/espanol\/wp-json\/wp\/v2\/pages\/3","targetHints":{"allow":["GET"]}}],"collection":[{"href":"https:\/\/www.cavsi.com\/espanol\/wp-json\/wp\/v2\/pages"}],"about":[{"href":"https:\/\/www.cavsi.com\/espanol\/wp-json\/wp\/v2\/types\/page"}],"author":[{"embeddable":true,"href":"https:\/\/www.cavsi.com\/espanol\/wp-json\/wp\/v2\/users\/1"}],"replies":[{"embeddable":true,"href":"https:\/\/www.cavsi.com\/espanol\/wp-json\/wp\/v2\/comments?post=3"}],"version-history":[{"count":0,"href":"https:\/\/www.cavsi.com\/espanol\/wp-json\/wp\/v2\/pages\/3\/revisions"}],"wp:attachment":[{"href":"https:\/\/www.cavsi.com\/espanol\/wp-json\/wp\/v2\/media?parent=3"}],"curies":[{"name":"wp","href":"https:\/\/api.w.org\/{rel}","templated":true}]}}